 12. Let n be k(7). Suppose -3*y - n = 4*i - 304, i + 4 = 0. Let o = -243 - y. What is the tens digit of o?
1
What is the hundreds digit of 15657952/1462 - (-18)/387?
7
Let j(q) = 46*q - 14. Let u be j(4). Suppose 6*d - 106 - u = 0. Suppose -d = 2*o - 3*o. What is the tens digit of o?
4
Suppose -8 = 3*g + 760. Let k = 396 + g. What is the units digit of k?
0
What is the units digit of 180/20 - (-347 - -20)?
6
Suppose -k + 12808 + 486 = -3*z, -2*k + 3*z + 26591 = 0. What is the tens digit of k?
9
Let d = -1744 + 1742. Let j(n) = -40*n**2 - 2*n - 4. Let g(f) = f. Let i(o) = -g(o) - j(o). What is the hundreds digit of i(d)?
1
Suppose -493722 = -43*v + 312450 - 227220. What is the units digit of v?
4
Let j(t) = -18 + 16*t**2 - 7*t + 49*t**3 - 5*t - 50*t**3. What is the hundreds digit of j(13)?
3
Let w(l) = -l**3 - 3*l**2 + 5*l - 12. Let t be w(-5). Suppose t*r - 9390 + 992 = 0. What is the units digit of r?
6
Let q(r) = 1376*r**2 + 95*r + 199. What is the tens digit of q(-2)?
1
Let g(f) = 2*f**3 - 22*f**2 + 37*f - 207. What is the thousands digit of g(26)?
1
Let d(v) = 2988*v**3 - 3*v**2 + 2*v + 1. Let z be d(1). Suppose z = 2*s + 4*k, 2*k = -s + k + 1492. What is the thousands digit of s?
1
Let z be 1*(-9)/6*2. Suppose -4*l - 113 + 625 = 0. What is the hundreds digit of l*(z/(-15))/(2/15)?
1
Let g be (3/9)/((-1)/3501). Let m = 1975 + g. What is the tens digit of m?
0
Let l(o) = -49041*o**3 + 2*o**2 + 11*o + 10. What is the tens digit of l(-1)?
4
Let z = -784 + 790. What is the tens digit of (-7760)/28*(-21)/z?
7
Let v be -4*(-7)/14*(-3573)/(-6). Suppose -1494 = -15*w + v. What is the units digit of w?
9
Let d be (-52)/3 + (2/(-3))/1. Let s = d + 42. What is the tens digit of s/9*(-2 - -36 - 1)?
8
Let d(q) = -2*q + 21. Let o be d(10). Let j be o + 2*63 - 4. Suppose 4*l + b - j = 0, -4*l - l - 5*b = -165. What is the tens digit of l?
3
Let y(b) be the first derivative of -b**4/4 + 2*b**3/3 + 71*b**2/2 - 11*b - 187. What is the hundreds digit of y(-10)?
4
Suppose 8*d = -3*d + 7*d + 90964. What is the ten thousands digit of d?
2
Suppose 0 = 3*k + 4*p - 16, k + p - 6 = -1. Suppose -s + 2*c + 296 = 2*s, 0 = -k*s - 2*c + 390. Suppose -3*t = 4*t - s. What is the tens digit of t?
1
What is the units digit of 20312 - (18 + (-64)/8)?
2
Suppose -4*x = 5*u - 27, 0 = 2*u - 0*u - 5*x + 9. Suppose 7*o - u*o + 903 = 3*s, -918 = -3*s - o. What is the units digit of s?
5
Let a = 30 - -84. Let m(w) = w + 20. Let k be m(-34). Let t = k + a. What is the tens digit of t?
0
Let k be -2*(5 + -4)*-1. Suppose 12*g - 3542 = -k*g. What is the hundreds digit of g?
2
Let x be ((-4)/10)/(2/(-20)). Suppose -x*n - 5*y + 262 = 0, -n + 3*y + 74 = -0*n. Suppose 0 = h - 49 - n. What is the tens digit of h?
1
Let w be -1 - 87 - (-5)/(-25)*0. Let p = w - -173. What is the tens digit of p?
8
Let h be (-2164)/(-10) + 11 + (-513)/45. Let f = 441 - h. What is the hundreds digit of f?
2
Suppose 4*x - 21 = -3*x. Let k be 13/13*(228 + -1). Suppose -2*r = -0*w - 2*w - 146, x*r - k = -5*w. What is the units digit of r?
4
Let p(n) = 2*n**2 - 11*n + 18. Let i be p(5). Suppose -6128 = -3*d - i*d. What is the units digit of d?
3
Let j(p) = 9*p**2 - 48*p - 343. What is the thousands digit of j(-15)?
2
Let j(a) = 2*a + 6. Let u be j(10). Suppose -2*g - 20 = -u. Suppose 174 = g*w - 117. What is the units digit of w?
7
Suppose 24*i + 303 = 70623. Let g = i - 1270. What is the hundreds digit of g?
6
Let f(w) = -w**2 + 5*w + 2. Let k be f(3). Let u = k - -3. Suppose u*c - 16*c = -900. What is the hundreds digit of c?
1
Let l(n) = n**2 - 6*n - 9. Let y be l(-2). Suppose y*o - 2064 = 2675. What is the units digit of o?
7
Let j(a) = 105*a + 6365. What is the tens digit of j(0)?
6
Suppose -6*p - 3*j = -388710, -5*p + 61*j + 323920 = 66*j. What is the units digit of p?
6
What is the hundreds digit of (-4)/5 + (-5672616)/(-120)?
2
Let x = 110 + -108. Let i(a) = 79*a**2 - 61*a**x - 4 - 6 + a. What is the units digit of i(-3)?
9
Let i be ((-10)/4)/(-1)*(-48)/(-10). Suppose 1370 = 17*f - i*f. Let n = f + -134. What is the units digit of n?
0
Let o(l) = 2*l - 4. Let d be o(2). Let z be d*(4/(-6) + 1). What is the hundreds digit of (10 - z)/((1/(-10))/(-1))?
1
Suppose -5*x = 3*t - 2*t - 10989, 2*t = 3*x - 6596. What is the hundreds digit of x/10 - (-7 - (-136)/20)?
2
Suppose -2*q = -c - 137096, 2*q - 5*c - 137086 = -9*c. What is the tens digit of q?
4
Let f be -2 - (3 - 7) - 7. Let k(z) = -5*z**2 - 2*z + 2. Let c be k(f). Let p = -35 - c. What is the tens digit of p?
7
Suppose 0 = -2666*z + 2721*z - 829345. What is the ten thousands digit of z?
1
Suppose 4*v + 7554 = 2*z, -33*v = -5*z - 36*v + 18937. What is the units digit of z?
5
Let o(t) = -5*t + 36. Let l(n) = n - 6. Let w(i) = -34*l(i) - 6*o(i). Let y(z) = 1. Let p(f) = 2*w(f) + 6*y(f). What is the units digit of p(-10)?
2
Let a(z) = z**3 + 14*z**2 + 2*z + 32. Let o be a(-14). Suppose -g - o*n = -161 - 857, -5*n = 4*g - 4116. What is the tens digit of g?
3
Let z = -5287 - -19777. What is the tens digit of z?
9
Let o = -12141 - -17446. What is the thousands digit of o?
5
Suppose 49*x = -63*x - 52*x + 3288200. What is the thousands digit of x?
0
Suppose 15 = g + 4*g. Suppose g*p = -3*p + 120. Let f(y) = 6*y + 47. What is the units digit of f(p)?
7
Let v be 18*1/4*3*-8. Let l be (v/(-45))/(3/10). Let f = 0 + l. What is the units digit of f?
8
Suppose h - j + 5 = -5, -12 = 4*j. Let r(v) = -v**3 - 13*v**2 + 3*v + 7. Let u be r(h). Let a = u + 35. What is the units digit of a?
3
Let z = -58 + -68. Let b = z + 234. Let t = b + -35. What is the tens digit of t?
7
Suppose 143068 = 64*r + 21340. What is the units digit of r?
2
Let x(c) = 78*c**2 - 14*c + 39. What is the hundreds digit of x(8)?
9
Let q(u) = -13 + 2*u**3 - 10*u**2 - 13 - 5 + 13*u + 37. What is the tens digit of q(6)?
5
Suppose -91*h - 326*h + 16140654 = 182*h. What is the units digit of h?
6
Let f = 27 + 27. Suppose -f = -5*a + 8*a. What is the tens digit of 4/(96/a) - (-1062)/8?
3
Suppose -5*o + 52429 = 2*s, -67404 - 63682 = -5*s + o. What is the ten thousands digit of s?
2
Let i(j) = 5*j + 59. Let f be i(8). Let g = -48 + f. What is the units digit of g?
1
Suppose -66*g - 103*g + 404908 + 1092432 = 0. What is the hundreds digit of g?
8
Suppose j = -v + 4, -2*j + v - 9 = -4*j. Suppose -868 = -2*y + 2*o, -y + 422 = -0*y - j*o. What is the tens digit of y?
3
Let i(b) = -12*b - 5*b**3 + b - 7 - 5*b**2 + 3*b. Let r be i(-3). Suppose -3*l = -103 - r. What is the tens digit of l?
7
Let x = -27 + 27. Suppose 3*v + 2*v + 1505 = x. What is the hundreds digit of v/(-3) + ((-10)/3 - -4)?
1
Let b(g) = 337*g**2 + 3*g - 50. What is the ten thousands digit of b(-6)?
1
Let v(o) be the third derivative of -11*o**6/120 + o**3 - 9*o**2 + 5. What is the units digit of v(-2)?
4
Let o(g) = g**2 + 21*g + 58. Let v be o(-18). Suppose 0 = -3*i, -2*x - 284 = -v*i - 1034. What is the hundreds digit of x?
3
Let k(d) = -1760*d - 8994. What is the hundreds digit of k(-36)?
3
Let x(v) = 115*v - 117. Suppose 10*t = -81 + 231. What is the thousands digit of x(t)?
1
What is the units digit of (189/567)/((-1)/(-10245))?
5
Suppose 5*h - 172041 = -3*p + 14*h + 13*h, 0 = 5*h. What is the thousands digit of p?
7
Suppose 4*i + 621 + 651 = 0. Let m(l) = 477*l + 8. Let c be m(1). Let g = c + i. What is the hundreds digit of g?
1
Let a(i) = 1440*i - 2314. What is the tens digit of a(5)?
8
Suppose 4*b - 19304 = -2*u, -21781 + 2469 = -4*b - 4*u. What is the hundreds digit of b?
8
Let r = -3086 + 7484. What is the tens digit of r?
9
Suppose 10*l - 48175 = -8555. What is the thousands digit of l?
3
Suppose 4*x - 7*x = -51. Suppose j = -z - 11, -z - 4*j - x = 6. What is the units digit of (z/(-21))/((-4)/(-312))?
6
Let t be (-4)/3*(1 - (-2 - -6)). What is the units digit of 70/t*(-4 - (-544)/20)?
6
Let k(i) = -i**3 - 25*i**2 + 560*i - 199. What is the hundreds digit of k(-49)?
9
Suppose 21*l = 84933 + 39509 + 25309. What is the tens digit of l?
3
Let h(k) = -792*k**3 - 5*k**2 + 4. What is the units digit of h(-2)?
0
What is the units digit of 43530*((-72)/(-60))/2 + 7?
5
Suppose -13*s - 4*s + 14*s = -181248. What is the thousands digit of s?
0
Let g = 24025 - 12765. What is the units digit of g?
0
Let c(v) = 942*v - 341. What is the hundreds digi